2
Calculate the highest common factor of 4212 and 243.
81
What is the greatest common factor of 160 and 10?
10
Calculate the highest common divisor of 45 and 333.
9
Calculate the greatest common factor of 10704 and 48.
48
What is the highest common factor of 8 and 140?
4
Calculate the greatest common divisor of 375 and 1575.
75
What is the highest common factor of 1989 and 91?
13
Calculate the highest common divisor of 16 and 2008.
8
Calculate the greatest common divisor of 3120 and 2145.
195
Calculate the highest common divisor of 279 and 341.
31
Calculate the greatest common factor of 1898 and 1533.
73
What is the highest common factor of 299 and 26?
13
What is the highest common divisor of 1472 and 16?
16
Calculate the highest common divisor of 909 and 404.
101
Calculate the greatest common factor of 17 and 1989.
17
Calculate the highest common factor of 714 and 84.
42
What is the highest common divisor of 96 and 28896?
96
Calculate the greatest common factor of 96 and 516.
12
Calculate the greatest common divisor of 1984 and 88.
8
Calculate the greatest common divisor of 5220 and 145.
145
Calculate the greatest common factor of 2432 and 760.
152
What is the highest common factor of 4428 and 12?
12
Calculate the highest common factor of 148 and 24.
4
What is the greatest common divisor of 32 and 304?
16
Calculate the greatest common factor of 310 and 20.
10
What is the highest common divisor of 12 and 66?
6
Calculate the greatest common factor of 152 and 11096.
152
Calculate the greatest common factor of 26 and 819.
13
Calculate the greatest common divisor of 18 and 1116.
18
Calculate the highest common divisor of 30 and 320.
10
What is the highest common divisor of 5418 and 36?
18
Calculate the highest common factor of 40 and 530.
10
What is the highest common factor of 65 and 26?
13
Calculate the greatest common divisor of 8667 and 162.
81
Calculate the highest common divisor of 45 and 72.
9
What is the greatest common divisor of 40 and 50?
10
Calculate the greatest common factor of 46 and 69.
23
Calculate the greatest common factor of 3611 and 157.
157
What is the highest common divisor of 135 and 18135?
45
Calculate the greatest common divisor of 1888 and 826.
118
What is the highest common divisor of 2616 and 552?
24
Calculate the greatest common divisor of 68 and 16.
4
What is the highest common divisor of 240 and 15?
15
Calculate the greatest common divisor of 136 and 85.
17
Calculate the highest common factor of 150 and 18.
6
What is the greatest common factor of 990 and 3210?
30
What is the highest common factor of 295 and 230?
5
Calculate the highest common factor of 620 and 5.
5
Calculate the highest common divisor of 315 and 63.
63
What is the highest common divisor of 106 and 1325?
53
What is the greatest common divisor of 98 and 1806?
14
What is the highest common divisor of 8091 and 261?
261
Calculate the greatest common divisor of 47 and 3.
1
Calculate the greatest common divisor of 1 and 173.
1
Calculate the highest common factor of 1159 and 19.
19
What is the greatest common divisor of 1068 and 60?
12
Calculate the highest common factor of 1275 and 102.
51
Calculate the highest common factor of 133 and 29659.
133
Calculate the highest common divisor of 2 and 173.
1
Calculate the greatest common factor of 4221 and 63.
63
Calculate the greatest common divisor of 120 and 60.
60
Calculate the highest common divisor of 18 and 8082.
18
Calculate the greatest common divisor of 10338 and 6.
6
What is the highest common divisor of 8 and 4364?
4
Calculate the highest common factor of 30 and 375.
15
What is the highest common factor of 50 and 10?
10
What is the greatest common factor of 135 and 120?
15
What is the highest common factor of 1666 and 34?
34
Calculate the highest common divisor of 92 and 598.
46
What is the highest common factor of 160 and 30?
10
Calculate the greatest common factor of 62 and 1581.
31
What is the greatest common divisor of 367 and 31929?
367
Calculate the highest common divisor of 38872 and 344.
344
What is the greatest common divisor of 8781 and 3?
3
What is the greatest common factor of 235 and 28435?
235
Calculate the highest common divisor of 149 and 57365.
149
Calculate the greatest common divisor of 78 and 676.
26
What is the highest common factor of 151 and 10721?
151
Calculate the greatest common factor of 425 and 17.
17
Calculate the highest common divisor of 2160 and 320.
80
Calculate the highest common factor of 66 and 2046.
66
What is the highest common divisor of 2987 and 309?
103
Calculate the highest common factor of 54 and 36.
18
What is the highest common divisor of 1691 and 89?
89
What is the highest common divisor of 32643 and 93?
93
Calculate the greatest common factor of 471 and 628.
157
What is the greatest common divisor of 81 and 108?
27
Calculate the greatest common factor of 162 and 186.
6
What is the highest common factor of 12125 and 10?
5
What is the greatest common factor of 12 and 1284?
12
What is the highest common divisor of 108 and 84?
12
Calculate the highest common factor of 1023 and 693.
33
What is the greatest common divisor of 582 and 30?
6
What is the greatest common factor of 77 and 7?
7
What is the highest common divisor of 14 and 854?
14
What is the greatest common factor of 2132 and 328?
164
Calculate the highest common factor of 497 and 1065.
71
What is the highest common factor of 280 and 35?
35
Calculate the highest common factor of 21 and 15.
3
Calculate the highest common factor of 256 and 192.
64
Calculate the highest common factor of 1702 and 3358.
46
Calculate the highest common divisor of 69 and 1725.
69
Calculate the highest common factor of 779 and 19.
19
What is the highest common divisor of 72 and 40?
8
Calculate the highest common divisor of 100 and 60.
20
Calculate the greatest common divisor of 722 and 114.
38
Calculate the highest common divisor of 21255 and 390.
195
Calculate the greatest common factor of 1272 and 2703.
159
Calculate the greatest common factor of 6 and 1574.
2
Calculate the highest common factor of 765 and 34.
17
What is the highest common factor of 52 and 403?
13
Calculate the highest common factor of 112 and 140.
28
What is the greatest common divisor of 544 and 289?
17
Calculate the highest common divisor of 1689 and 6.
3
Calculate the greatest common divisor of 1551 and 1221.
33
What is the greatest common factor of 560 and 1?
1
Calculate the greatest common factor of 18 and 254.
2
What is the highest common factor of 2320 and 120?
40
Calculate the highest common factor of 292 and 73.
73
What is the highest common divisor of 152 and 380?
76
What is the highest common divisor of 54 and 3114?
18
Calculate the highest common factor of 16 and 13712.
16
Calculate the highest common factor of 104 and 1378.
26
Calculate the greatest common divisor of 8 and 318.
2
Calculate the greatest common divisor of 600 and 75.
75
What is the greatest common factor of 88 and 1784?
8
What is the highest common factor of 49 and 14?
7
Calculate the greatest common factor of 715 and 390.
65
Calculate the highest common divisor of 219 and 2336.
73
Calculate the highest common divisor of 105 and 27.
3
What is the highest common divisor of 112 and 140?
28
Calculate the highest common divisor of 275 and 25.
25
Calculate the greatest common factor of 31 and 372.
31
What is the highest common divisor of 471 and 3?
3
What is the greatest common divisor of 408 and 1173?
51
What is the greatest common divisor of 5880 and 56?
56
Calculate the highest common divisor of 61 and 2501.
61
Calculate the highest common divisor of 1729 and 7904.
247
What is the greatest common factor of 21 and 1078?
7
What is the greatest common factor of 60 and 12?
12
Calculate the greatest common divisor of 429 and 3575.
143
Calculate the greatest common factor of 18 and 954.
18
Calculate the greatest common factor of 7506 and 12.
6
Calculate the highest common divisor of 8646 and 11.
11
Calculate the greatest common divisor of 1645 and 595.
35
What is the highest common factor of 7322 and 42?
14
What is the highest common factor of 256 and 68?
4
What is the greatest common divisor of 312 and 24?
24
What is the highest common divisor of 21 and 3129?
21
What is the greatest 